{"id":90,"date":"2015-12-07T11:21:53","date_gmt":"2015-12-07T11:21:53","guid":{"rendered":"http:\/\/www.mijnedlet.nl\/mdnl\/?page_id=90"},"modified":"2026-01-15T21:15:10","modified_gmt":"2026-01-15T20:15:10","slug":"werkgroep-19e-eeuw","status":"publish","type":"page","link":"https:\/\/www.mdnl.nl\/?page_id=90","title":{"rendered":"Werkgroep De Moderne Tijd"},"content":{"rendered":"<p>De Werkgroep De Moderne Tijd stelt zich ten doel de studie van de Lage Landen in het tijdvak 1780-1940 in al zijn facetten te bevorderen. De werkgroep is in 1976 opgericht als Werkgroep De Negentiende Eeuw, en heeft in 2017 haar activiteiten uitgebreid tot het bredere tijdvak waar ook de late achttiende en vroege twintigste eeuw onder vallen. De Werkgroep publiceert het tijdschrift <em>De Moderne Tijd<\/em> en organiseert daarnaast onder meer een jaarlijks congres en de jaarlijkse Jacob van Lenneplezing.<\/p>\n<p><em>De Moderne Tijd<\/em> is het wetenschappelijke tijdschrift van de Werkgroep De Moderne Tijd en publiceert artikelen op het terrein van de geschiedenis en cultuur van de Lage Landen in de periode 1780\u20131940. Het is de opvolger van het tijdschrift <em>De Negentiende Eeuw<\/em>, dat verscheen van 1977 tot en met 2016. <em>De Moderne Tijd<\/em> verschijnt vier keer per jaar. Ieder jaar worden er twee themanummers uitgebracht: \u00e9\u00e9n nummer met bijdragen van het jaarlijkse congres van de Werkgroep en \u00e9\u00e9n nummer met een door de redactie gekozen thema. In de vaste rubriek \u2018Boekzaal der geleerde wereld\u2019 worden recensies van recente literatuur gepubliceerd.<\/p>\n<p><strong>Bestuur Werkgroep De Moderne Tijd:<\/strong><\/p>\n<p>Voorzitter: Lotte Jensen<br \/>\nSecretaris: Gijs Altena<br \/>\nPenningmeester: Diederik Smit<br \/>\nLeden: Mayken Jonkman, Fons Meijer, Jan Rock, Robert Verhoogt, Robert-Jan Wille<\/p>\n<p><strong>Website Werkgroep De Moderne Tijd:<\/strong><\/p>\n<p><strong><a href=\"http:\/\/demodernetijd.nl\/\" target=\"_blank\" rel=\"noopener noreferrer\">Klik hier<\/a><\/strong>\u00a0om naar de website De Moderne Tijd te gaan.<\/p>\n","protected":false},"excerpt":{"rendered":"<p>De Werkgroep De Moderne Tijd stelt zich ten doel de studie van de Lage Landen in het tijdvak 1780-1940 in al zijn facetten te bevorderen. De werkgroep is in 1976 opgericht als Werkgroep De Negentiende Eeuw, &hellip; <a href=\"https:\/\/www.mdnl.nl\/?page_id=90\" class=\"more-link\">Verder lezen <span class=\"screen-reader-text\">Werkgroep De Moderne Tijd<\/span><\/a><\/p>\n","protected":false},"author":3,"featured_media":9273,"parent":0,"menu_order":0,"comment_status":"closed","ping_status":"closed","template":"werkgroep.php","meta":{"footnotes":""},"class_list":["post-90","page","type-page","status-publish","has-post-thumbnail","hentry"],"_links":{"self":[{"href":"https:\/\/www.mdnl.nl\/index.php?rest_route=\/wp\/v2\/pages\/90","targetHints":{"allow":["GET"]}}],"collection":[{"href":"https:\/\/www.mdnl.nl\/index.php?rest_route=\/wp\/v2\/pages"}],"about":[{"href":"https:\/\/www.mdnl.nl\/index.php?rest_route=\/wp\/v2\/types\/page"}],"author":[{"embeddable":true,"href":"https:\/\/www.mdnl.nl\/index.php?rest_route=\/wp\/v2\/users\/3"}],"replies":[{"embeddable":true,"href":"https:\/\/www.mdnl.nl\/index.php?rest_route=%2Fwp%2Fv2%2Fcomments&post=90"}],"version-history":[{"count":3,"href":"https:\/\/www.mdnl.nl\/index.php?rest_route=\/wp\/v2\/pages\/90\/revisions"}],"predecessor-version":[{"id":19376,"href":"https:\/\/www.mdnl.nl\/index.php?rest_route=\/wp\/v2\/pages\/90\/revisions\/19376"}],"wp:featuredmedia":[{"embeddable":true,"href":"https:\/\/www.mdnl.nl\/index.php?rest_route=\/wp\/v2\/media\/9273"}],"wp:attachment":[{"href":"https:\/\/www.mdnl.nl\/index.php?rest_route=%2Fwp%2Fv2%2Fmedia&parent=90"}],"curies":[{"name":"wp","href":"https:\/\/api.w.org\/{rel}","templated":true}]}}